at is the tens digit of o?
5
Let x(g) = -g - 21. Let f be x(-24). Suppose -7*u + f*u + 408 = 0. What is the tens digit of u?
0
Suppose 1414 = 2*v - 3*k, 0*v = 4*v - 5*k - 2824. What is the units digit of v?
1
Suppose -2*l - 3*l = 5, -3*n + 5*l = -23. Suppose -3*c + n = -0*c. What is the units digit of c?
2
What is the hundreds digit of (-16)/28 - ((-50088)/42 + 1)?
1
What is the units digit of 52*((-171)/(-24))/((-15)/(-20))?
4
Suppose -13 = -6*f + 11. Suppose 2 = -3*s - 4, -f*w + 5*s = -402. What is the units digit of w?
8
Let r = 2208 - 1240. What is the tens digit of r?
6
Suppose 0 = 26*x + 9669 - 31821. What is the tens digit of x?
5
Let r be -6*((-75)/10)/5. What is the hundreds digit of 6/r*(0 + -2 + 239)?
1
Suppose -2*j = b + 4*b + 16, -13 = 5*j - b. Let l be 1/(j - (-10)/4). Let d = l - -11. What is the units digit of d?
9
Suppose 2*n + 1225 = 3*s, s - 4*n + 2*n - 403 = 0. Suppose 3*j + s = 1269. What is the tens digit of j?
8
Let s(a) = -a**3 - 3*a**2 + 8*a + 3. Let v be s(-5). Let w be -3 + -6 - (17 + -25). Let z = w + v. What is the tens digit of z?
1
Suppose 0 = -4*s + 16 + 4. Suppose d + 9 = 3*o, 2*d - s*d - 4*o = 1. Let b(z) = -z**2 - 8*z - 3. What is the tens digit of b(d)?
1
Let p = 424 - 122. Suppose 5*n = -2*r + p, -3*n + 78 = -3*r - 120. What is the units digit of n?
2
Let r = -5 - -11. Suppose 386 + 64 = r*f. What is the units digit of f?
5
Suppose 10 = 3*t + 2*t. Suppose 4*l - 220 = 2*i, t*i + 1 = -7. What is the tens digit of l?
5
Let h = -16 - -6. Let u be ((-3)/2 + 1)*h. Suppose 2*y + u*m = -0*y + 60, 4*m + 4 = y. What is the units digit of y?
0
Let m(z) = -z**3 + 17*z**2 + 17*z + 15. Let w be m(18). Let x(c) = -2*c**3 + c**2 - c - 2. What is the tens digit of x(w)?
6
Let r(b) be the third derivative of 1/3*b**3 + 6*b**2 + 0 - 23/24*b**4 + 0*b. What is the units digit of r(-1)?
5
Let q = -729 + 1342. What is the tens digit of q?
1
Suppose 0 = 5*v - v - 2*y - 26, -45 = -5*v + 5*y. Let a be v - (2 + 0 + -1). Let s = a + 37. What is the units digit of s?
0
Let b(p) = -221*p - 15. What is the tens digit of b(-8)?
5
Suppose 3 = -v + 11. Let m(s) = s + 1. Let u(t) = -11*t - 3. Let k(j) = -6*m(j) - u(j). What is the units digit of k(v)?
7
Let q = 0 - -3. Let i(y) = 3. Let a(h) = h. Let w(k) = 2*a(k) - i(k). What is the units digit of w(q)?
3
Suppose 4*p + 183 = m, -11*m + 9*m + 5*p + 381 = 0. What is the hundreds digit of m?
2
Suppose 5174 = -484*d + 510*d. What is the units digit of d?
9
Suppose 0 = 5*f + 6 - 11. Suppose 0 = -5*w + f + 79. Suppose -3*d = -2*z + d + w, 0 = z + 4*d - 2. What is the units digit of z?
6
Let q be ((-2)/3)/(4/(-102)). Suppose 12*t = q*t - 740. What is the hundreds digit of t?
1
Let c(m) be the third derivative of m**4/24 - 5*m**3/6 - 5*m**2. Let u = -4 + 15. What is the units digit of c(u)?
6
Let f = 10 - 6. Suppose 7*g - 2*g - f*r - 463 = 0, -3*g = -2*r - 279. Suppose -5*c + g = -15. What is the tens digit of c?
2
Suppose 4*o + 2*b = 5*b + 89, 5*o - 88 = -4*b. Let l = -61 + o. Let q = -11 - l. What is the units digit of q?
0
Suppose -4021 + 1717 = -8*c. What is the hundreds digit of c?
2
What is the units digit of (-3992)/(-5) + 77/(-55)?
7
Suppose y = -3, 0 = -b - y + 430 + 265. What is the hundreds digit of b?
6
Suppose -5*o + 2655 = -4*y + y, 2*y + 2126 = 4*o. Suppose o = 6*k - 126. What is the tens digit of k?
1
Suppose -118*v + 115*v = -1176. What is the tens digit of v?
9
Let x = 69 + -44. Suppose x - 21 = g. What is the units digit of g?
4
Let d = 1 - 20. Let f = d - -115. What is the tens digit of f?
9
Let i = 4 - -59. What is the units digit of i?
3
Let o(w) = 4*w**2 - 28*w + 7. Let r(g) = g**2 - 7*g + 2. Let q(d) = -d**2 + d - 2. Let n be q(0). Let f(k) = n*o(k) + 9*r(k). What is the units digit of f(7)?
4
Let b be 719*(-6)/16 + 21/(-56). Let a = b + 379. What is the hundreds digit of a?
1
Suppose 0 = -7*o + 13*o - 4908. What is the tens digit of o?
1
Let h(j) = -298*j + 18. Let b(r) = -100*r + 6. Let q(w) = 8*b(w) - 3*h(w). What is the tens digit of q(2)?
8
Suppose 2690 = 5*j - 5*n, -4*j = -5*n - 760 - 1393. What is the hundreds digit of j?
5
Let g(w) = -w**3 + 3*w**2 + 3. What is the hundreds digit of g(-7)?
4
Let i = -93 + 431. What is the tens digit of i?
3
Let s = -45 + 21. Let a = -1 - s. What is the tens digit of a?
2
Let i(k) = 36*k - 28. Let w = 96 + -87. What is the tens digit of i(w)?
9
Let m be 285/(-60) + 2/(-8). What is the units digit of 4 - 6 - 25/m?
3
Suppose 0 = -3*w - 2*w + 35. Let c = 6 - w. Let d = 12 - c. What is the tens digit of d?
1
Suppose -227*g + 212*g + 86535 = 0. What is the hundreds digit of g?
7
Let r(o) = -9*o - 14. Let s be r(6). What is the tens digit of -4 + 0 + (14 - s)?
7
Suppose 5*g - 16*o = -14*o + 5, g = -4*o + 1. What is the units digit of g?
1
Suppose -4*r + 12 = 2*q + 2, -2*q + 5*r - 17 = 0. Let t(h) = -113*h**3 - 2*h - 3. What is the tens digit of t(q)?
1
Let y be 37323/65 + (-4)/(-5). What is the tens digit of (4/10)/(5/y)?
4
Let n = 692 - 338. What is the units digit of n?
4
Let p(q) = -q**2 + 15*q + 5. Let u(a) = -a**2 + 5*a + 3. Let r be u(4). What is the tens digit of p(r)?
6
Let q be -70 + 3/((-6)/8). Let x = -45 - q. What is the units digit of x?
9
Suppose -8*p = -13*p + 30. Suppose 0 = p*a - 64 - 146. What is the units digit of a?
5
Let g = 11 + -11. Suppose 3*i + 10 - 121 = g. What is the tens digit of i?
3
Let o(c) = -11*c + 19*c + 19*c + 7 - 4. What is the tens digit of o(3)?
8
Suppose -10*k = -24*k + 2296. What is the hundreds digit of k?
1
Let o(k) = k**2 - 2*k + 115. Let q be o(0). Suppose q - 11 = 2*i + 4*m, -3*i + 2*m = -116. What is the units digit of i?
2
Suppose -4 - 14 = -g + 5*o, -3 = -2*g - o. Suppose -5*a - 12 = u, -4*a = g*u - 2*a - 3. Suppose -22 = u*q - 118. What is the units digit of q?
2
Let q(n) = -40*n - 31. Let p(a) = 60*a + 46. Let v(x) = 5*p(x) + 8*q(x). What is the hundreds digit of v(-6)?
1
Suppose u = -2*p - 50, -3*u = 3*p - 5*p - 66. Let l = p - -32. What is the units digit of l?
5
Suppose 4*o = 2*x - 0*o - 16, x = 4*o + 12. Let f be (0*(-1)/(-3))/1. Let u = x + f. What is the units digit of u?
4
Let w(b) = -b**2 + 10*b - 10. Let a be w(8). Suppose -134 = -a*c + 328. What is the units digit of c?
7
Suppose -2*q + 6 - 4 = 0, -5*a + 14 = -q. Let x be (-2)/a*(-4 + 1). What is the units digit of x*(58/4 - 0)?
9
Suppose 3*t + 1 - 13 = -5*l, -2*t + 8 = 3*l. Suppose 2*d + 204 = 3*n + 5*d, 0 = -2*d - t. What is the tens digit of n?
7
Let j(w) = w**2 + 2*w + 1. Let i be j(-1). Suppose i = -r + 2*b + 13, 4*r - 3*r = -5*b - 22. What is the units digit of -16*(-1 + r)*-1?
2
Let o be (-1 + -1)/(1/6). Let b be 1/(-4) - 1071/o. Suppose 3*x = -3*p + 4*x + b, -4 = -x. What is the tens digit of p?
3
Let c be (-94)/(-18) - 18/81. Suppose -5*m + s = -472, -c*s - 1 = -4*m + 385. Let t = m - 49. What is the tens digit of t?
4
Suppose -i - 3 = -4*i, 4*i + 4 = 4*c. Suppose -c*q - 27 = -87. Let y = 54 - q. What is the tens digit of y?
2
Suppose 7909 = 14*n + 1203. What is the hundreds digit of n?
4
Let c = -258 + 177. Let z = 215 + c. What is the tens digit of z?
3
Suppose 0 = -4*j - 45 - 87. Let x = j - -39. What is the units digit of x?
6
Let f = -43 + 45. Suppose 4*u + q = 477, 0 = -5*u - f*q - q + 591. What is the units digit of u?
0
Let c = 1564 - 508. Suppose -7*b + c - 167 = 0. What is the tens digit of b?
2
Let d = -2225 + 2824. What is the tens digit of d?
9
Suppose 37*d = 61836 + 29258. What is the units digit of d?
2
Let s be (-6)/((21/2)/(-7)). Suppose -9*j + 351 = s*j. What is the units digit of j?
7
Let g = 4 + -1. Let j(z) = 4*z + g*z + 3 + 2*z. What is the tens digit of j(4)?
3
Let k(c) = -267*c**3 - 2*c + 1. Let d be k(1). Let v = d - -416. Suppose -7*b + 5*b + v = 0. What is the tens digit of b?
7
Suppose -y + 3*m + 470 = 0, -4*y + 7*m = 3*m - 1896. What is the units digit of y?
6
What is the tens digit of (-23565)/(-165) - 2 - (-4)/22?
4
Let s(k) be the second derivative of -k**3/3 + 60*k**2 + 2*k. Let t be s(0). Suppose q = 4*q - t. What is the units digit of q?
0
Let k(s) = -2*s**3 + 55*s + 1. What is the tens digit of k(-11)?
5
What is the units digit of (-42970)/(-30) - ((-5)/(-15))/1?
2
Let k(i) = 33*i**2 - 2*i. Let c = 49 - 50. What is the units digit of k(c)?
5
Let h = 446 - 10. What is the tens digit